 factor of 18214932 and 412?
412
Calculate the highest common divisor of 675 and 30891300.
75
What is the highest common divisor of 108299 and 266357?
2927
Calculate the highest common divisor of 4361 and 14241157.
623
Calculate the highest common divisor of 98 and 4255398.
14
Calculate the highest common divisor of 4716645 and 557265.
5745
What is the highest common divisor of 162 and 61691004?
54
Calculate the greatest common factor of 750 and 5171670.
30
Calculate the greatest common divisor of 634 and 978844963.
317
Calculate the greatest common divisor of 304 and 10933930.
38
What is the highest common factor of 1131585 and 325?
65
Calculate the greatest common divisor of 4543 and 1184779.
59
Calculate the greatest common divisor of 27209 and 7571876.
3887
What is the greatest common divisor of 573877 and 13653?
41
Calculate the greatest common divisor of 55521320 and 306.
34
What is the highest common factor of 60 and 5072670?
30
What is the greatest common factor of 511272710 and 2470?
2470
Calculate the highest common factor of 10553690 and 2590.
70
What is the highest common divisor of 506 and 2681754?
46
Calculate the highest common divisor of 1094718174 and 3597.
3597
What is the highest common divisor of 1848 and 11041184?
616
What is the highest common factor of 44 and 60828526?
22
Calculate the highest common divisor of 5017 and 5707789.
173
What is the highest common divisor of 7737297 and 6813?
2271
Calculate the highest common divisor of 146696468 and 68.
68
Calculate the greatest common factor of 5708 and 2877317180.
5708
Calculate the highest common divisor of 99775476 and 12.
12
Calculate the highest common factor of 766622 and 182187.
653
What is the greatest common divisor of 34 and 70541228?
34
Calculate the highest common factor of 60306 and 382812.
2622
Calculate the highest common divisor of 1227 and 2456476086.
1227
Calculate the greatest common factor of 549 and 43305669.
549
Calculate the greatest common divisor of 1908064 and 3552.
32
What is the highest common divisor of 85 and 176848535?
85
What is the highest common factor of 34868 and 798553?
379
What is the greatest common divisor of 262416 and 283503?
2343
What is the greatest common divisor of 88203436 and 3818?
3818
What is the highest common factor of 18234 and 21096?
18
What is the highest common factor of 7770361 and 237?
79
What is the highest common divisor of 108768 and 14829837?
3399
Calculate the highest common divisor of 134684553 and 93.
93
Calculate the highest common divisor of 161327 and 49021156.
5563
Calculate the highest common divisor of 425 and 6042.
1
What is the highest common factor of 27 and 490500639?
9
What is the highest common divisor of 308032498 and 1592?
398
What is the greatest common divisor of 15595 and 6515591?
3119
What is the greatest common divisor of 456569 and 374?
17
Calculate the greatest common factor of 272892029 and 3583.
3583
What is the highest common divisor of 725 and 1058065?
145
What is the highest common divisor of 40792531 and 39?
13
What is the highest common divisor of 100182 and 1100304?
1698
What is the highest common factor of 7944950 and 25?
25
What is the highest common factor of 108 and 1589861628?
108
Calculate the highest common divisor of 7171761 and 123.
123
What is the highest common divisor of 17877 and 185673?
177
What is the greatest common factor of 36 and 398052?
36
Calculate the greatest common divisor of 4326 and 329853174.
4326
Calculate the greatest common factor of 2941944 and 16872.
888
What is the greatest common divisor of 4347 and 303939?
27
What is the greatest common factor of 228614 and 1509698?
302
What is the greatest common factor of 75063306 and 2410?
482
Calculate the highest common factor of 203 and 8084881.
203
What is the highest common factor of 839264 and 1184?
32
Calculate the highest common factor of 309 and 3070327.
103
Calculate the greatest common divisor of 376 and 7066040.
8
What is the greatest common divisor of 4333822 and 60098?
398
What is the greatest common factor of 36498 and 125058738?
3318
What is the greatest common divisor of 38268 and 2858407?
1063
What is the highest common divisor of 1185 and 294961115?
395
Calculate the greatest common divisor of 940 and 8922245.
235
Calculate the highest common factor of 3674 and 6337342.
22
What is the highest common divisor of 32 and 13670360?
8
What is the greatest common factor of 11725838 and 59456?
1858
What is the highest common factor of 3025 and 9170227?
121
What is the highest common factor of 53541076 and 29?
29
Calculate the highest common divisor of 1257840 and 1244160.
720
What is the greatest common divisor of 20608 and 87475808?
5152
What is the highest common factor of 11901 and 9498?
3
What is the highest common divisor of 4030 and 22505938?
806
What is the greatest common factor of 61724610 and 18?
18
What is the greatest common factor of 200 and 1727192?
8
What is the highest common factor of 559 and 48101443?
13
What is the greatest common divisor of 9385392 and 5904?
1968
Calculate the greatest common factor of 16364 and 4924.
4
Calculate the greatest common divisor of 7999588 and 1717.
17
Calculate the greatest common divisor of 60807334 and 21.
7
Calculate the highest common divisor of 489725705 and 315.
35
Calculate the highest common divisor of 656 and 14384.
16
Calculate the highest common divisor of 405248 and 13248.
64
What is the greatest common divisor of 1109011 and 361?
19
Calculate the highest common factor of 404 and 1144.
4
What is the greatest common factor of 215930 and 43901?
143
Calculate the greatest common factor of 65503 and 2975104.
2113
What is the greatest common divisor of 25164 and 2372406?
1398
What is the highest common factor of 376 and 3528572?
188
Calculate the highest common divisor of 552 and 83570040.
552
Calculate the greatest common factor of 5 and 3157735.
5
What is the greatest common divisor of 84 and 944412?
84
Calculate the greatest common factor of 25 and 147603500.
25
Calculate the greatest common factor of 1010 and 37425.
5
Calculate the highest common factor of 3172 and 13148.
4
Calculate the highest common divisor of 68162028 and 44.
44
Calculate the greatest common factor of 149526 and 12636793.
923
What is the highest common divisor of 209148 and 137866?
58
What is the greatest common factor of 2927652 and 6825?
273
What is the greatest common factor of 226305 and 180?
45
Calculate the highest common factor of 116624 and 17760.
592
Calculate the greatest common divisor of 1140 and 1467636.
228
What is the greatest common divisor of 144 and 23665869?
9
Calculate the greatest common divisor of 802932 and 10236.
12
Calculate the highest common divisor of 1261 and 8295989.
13
Calculate the highest common divisor of 57615 and 2225595.
345
What is the greatest common divisor of 2720 and 169684820?
340
What is the greatest common factor of 85683661 and 3248?
203
What is the highest common divisor of 18964552 and 48?
8
Calculate the greatest common divisor of 3421425 and 9261.
1029
What is the highest common divisor of 212996 and 1316?
28
What is the greatest common factor of 1762332 and 7098?
1014
Calculate the highest common factor of 81178165 and 2679.
893
Calculate the greatest common factor of 3200 and 668441600.
3200
Calculate the highest common divisor of 13294 and 2138126.
46
What is the greatest common factor of 249502 and 40535?
121
Calculate the greatest common factor of 703346 and 833.
49
What is the greatest common divisor of 2060 and 1061040?
20
Calculate the highest common divisor of 5721 and 48958411.
1907
What is the highest common factor of 298918326 and 10290?
2058
What is the highest common factor of 1341 and 5427921?
447
What is the greatest common factor of 14283 and 180549816?
1587
Calculate the greatest common factor of 5028 and 24228.
12
What is the highest common divisor of 57175 and 735125?
25
What is the highest common divisor of 1608 and 93801072?
1608
Calculate the highest common factor of 888270 and 281010.
870
What is the highest common divisor of 6309583 and 539?
49
What is the greatest common divisor of 184928136 and 96?
24
Calculate the highest common divisor of 42594502 and 376.
94
What is the greatest common 